7
What are the prime factors of 11438856?
2, 3, 11, 13, 101
List the prime factors of 20762319.
3, 6920773
What are the prime factors of 3018481211?
29, 97, 821, 1307
List the prime factors of 1107514027.
11093, 99839
List the prime factors of 1484157142.
2, 13, 113, 505159
List the prime factors of 1911331626.
2, 3, 283, 383, 2939
List the prime factors of 25280271.
3, 2808919
List the prime factors of 786603689.
73, 307, 35099
What are the prime factors of 6406314183?
3, 163, 1789, 2441
What are the prime factors of 651007833?
3, 7, 1721, 18013
What are the prime factors of 108822090?
2, 3, 5, 13, 31, 9001
List the prime factors of 32445475.
5, 271, 4789
List the prime factors of 2215077222.
2, 3, 2027, 182131
What are the prime factors of 8509121381?
8509121381
List the prime factors of 2245082064.
2, 3, 61, 766763
List the prime factors of 119197726.
2, 797, 74779
List the prime factors of 175786148.
2, 23, 1910719
What are the prime factors of 70173811?
3719, 18869
What are the prime factors of 136965411?
3, 11, 347, 443
List the prime factors of 23605013.
101, 233713
List the prime factors of 72433540.
2, 5, 89, 40693
List the prime factors of 2145700610.
2, 5, 214570061
List the prime factors of 94018238.
2, 47009119
What are the prime factors of 190996069?
11, 449, 38671
What are the prime factors of 53477962?
2, 3167, 8443
List the prime factors of 308388971.
11, 28035361
List the prime factors of 2108225976.
2, 3, 2887, 30427
What are the prime factors of 555000596?
2, 79, 1756331
List the prime factors of 2236392787.
23, 2687, 36187
List the prime factors of 3057823098.
2, 3, 11, 499, 30949
What are the prime factors of 800633626?
2, 13, 47, 103, 6361
List the prime factors of 412296214.
2, 11, 18740737
What are the prime factors of 2667237350?
2, 5, 53344747
List the prime factors of 182047897.
197, 924101
List the prime factors of 3858679064.
2, 482334883
What are the prime factors of 176627860?
2, 5, 8831393
What are the prime factors of 288949198?
2, 144474599
What are the prime factors of 37540962?
2, 3, 431, 1613
What are the prime factors of 29152531?
113, 257987
What are the prime factors of 1061304256?
2, 16582879
What are the prime factors of 180137082?
2, 3, 71, 422857
List the prime factors of 4501562308.
2, 19, 59231083
List the prime factors of 154704779.
83, 1863913
What are the prime factors of 15736824?
2, 3, 127, 1721
What are the prime factors of 136021877?
136021877
What are the prime factors of 1159274569?
19, 61014451
What are the prime factors of 589745306?
2, 3529, 83557
List the prime factors of 106470232.
2, 11, 1209889
What are the prime factors of 302288071?
149, 2028779
List the prime factors of 132301185.
3, 5, 73, 120823
List the prime factors of 243631324.
2, 233, 261407
What are the prime factors of 38368202?
2, 19184101
What are the prime factors of 113979925?
5, 1303, 3499
List the prime factors of 100880822.
2, 7, 17, 423869
List the prime factors of 561594288.
2, 3, 37, 316213
List the prime factors of 2678487981.
3, 13, 151, 157, 2897
List the prime factors of 17399968.
2, 347, 1567
List the prime factors of 229412648.
2, 31, 925051
What are the prime factors of 600408774?
2, 3, 7, 89, 661
List the prime factors of 207575668.
2, 51893917
List the prime factors of 4932505104.
2, 3, 102760523
List the prime factors of 8338160.
2, 5, 17, 6131
List the prime factors of 86578669.
9239, 9371
What are the prime factors of 46088216?
2, 5761027
List the prime factors of 19316039.
19316039
List the prime factors of 44313566.
2, 11, 29, 69457
What are the prime factors of 46272996?
2, 3, 7, 11, 16693
List the prime factors of 660922895.
5, 132184579
What are the prime factors of 196424651?
3343, 58757
List the prime factors of 3048995912.
2, 5281, 72169
What are the prime factors of 213652577?
79, 887, 3049
What are the prime factors of 31780921?
31, 89, 11519
List the prime factors of 308478975.
3, 5, 7, 587579
List the prime factors of 128343953.
79, 1624607
List the prime factors of 1400981086.
2, 1151, 608593
What are the prime factors of 501155203?
859, 583417
List the prime factors of 134536404.
2, 3, 31, 503, 719
What are the prime factors of 113542438?
2, 56771219
What are the prime factors of 631597591?
2917, 216523
What are the prime factors of 988800222?
2, 3, 23, 43, 281, 593
List the prime factors of 1131528447.
3, 7, 23, 86767
What are the prime factors of 7099520?
2, 5, 11093
List the prime factors of 99423518.
2, 47, 73, 14489
List the prime factors of 80131247.
7, 61, 187661
What are the prime factors of 423892572?
2, 3, 37, 954713
List the prime factors of 1578917179.
7, 23, 103, 95213
What are the prime factors of 46137964?
2, 37, 311743
What are the prime factors of 159051091?
263, 383, 1579
List the prime factors of 498248756.
2, 101, 997, 1237
List the prime factors of 69829270.
2, 5, 7, 107, 9323
List the prime factors of 2771802378.
2, 3, 3917, 39313
List the prime factors of 4227710916.
2, 3, 11, 13, 2463701
List the prime factors of 177030854.
2, 7, 11, 13, 88427
What are the prime factors of 86023172?
2, 1979, 10867
What are the prime factors of 112074011?
7, 16010573
What are the prime factors of 12374457?
3, 4124819
List the prime factors of 49380243.
3, 11, 29, 51599
What are the prime factors of 4276865846?
2, 11, 53, 3667981
List the prime factors of 4706544.
2, 3, 31, 3163
What are the prime factors of 767838885?
3, 5, 11, 239, 19471
What are the prime factors of 328117295?
5, 11, 37, 161237
List the prime factors of 107986714.
2, 11, 61, 67, 1201
What are the prime factors of 4249509584?
2, 17, 15623197
List the prime factors of 212177886.
2, 3, 61, 579721
What are the prime factors of 2182384809?
3, 11, 17, 432241
What are the prime factors of 20401379?
31, 211, 3119
List the prime factors of 374847503.
374847503
What are the prime factors of 1621771468?
2, 59, 6871913
List the prime factors of 138039863.
13, 10618451
What are the prime factors of 157191786?
2, 3, 41, 70999
What are the prime factors of 59825503?
59825503
What are the prime factors of 195373387?
11, 103, 172439
What are the prime factors of 76028328?
2, 3, 47, 7489
List the prime factors of 1775237586.
2, 3, 4919, 60149
What are the prime factors of 324498001?
317, 1023653
What are the prime factors of 46869806?
2, 41, 571583
List the prime factors of 1673427541.
7451, 224591
List the prime factors of 97599750.
2, 3, 5, 179, 727
List the prime factors of 514772546.
2, 17, 31, 488399
What are the prime factors of 85898890?
2, 5, 7, 11, 281, 397
What are the prime factors of 131973144?
2, 3, 2333, 2357
List the prime factors of 56878613.
11, 739, 6997
What are the prime factors of 137744001?
3, 1567, 9767
List the prime factors of 4786299396.
2, 3, 14772529
What are the prime factors of 379971888?
2, 3, 7916081
List the prime factors of 3850459647.
3, 23, 55803763
List the prime factors of 209924803.
11, 1931, 9883
List the prime factors of 18802325.
5, 752093
List the prime factors of 2377743975.
3, 5, 79, 133769
List the prime factors of 536710533.
3, 31, 5771081
What are the prime factors of 52781069?
11, 19, 252541
What are the prime factors of 349428913?
349428913
What are the prime factors of 276705388?
2, 37, 1869631
List the prime factors of 6517530.
2, 3, 5, 101, 239
List the prime factors of 248681714.
2, 347, 358331
What are the prime factors of 4779622403?
17, 103, 2729653
List the prime factors of 6025225776.
2, 3, 653, 192229
What are the prime factors of 54196375?
5, 433571
What are the prime factors of 250750153?
17, 29, 508621
List the prime factors of 5947568.
2, 11, 47, 719
What are the prime factors of 292011051?
3, 157, 619981
List the prime factors of 5694316740.
2, 3, 5, 7, 1506433
What are the prime factors of 64622490?
2, 3, 5, 139, 15497
What are the prime factors of 487217201?
7927, 61463
List the prime factors of 361690833.
3, 7, 17223373
List the prime factors of 2204030685.
3, 5, 19, 109, 70949
What are the prime factors of 36662912?
2, 11, 13, 2003
What are the prime factors of 24424905?
3, 5, 103, 15809
What are the prime factors of 742863200?
2, 5, 23, 47, 859
List the prime factors of 881059233.
3, 131, 2241881
List the prime factors of 263394015.
3, 5, 17559601
What a